{"id":433,"date":"2019-11-09T13:30:44","date_gmt":"2019-11-09T13:30:44","guid":{"rendered":"http:\/\/www.accio.pl\/hp9\/?page_id=433"},"modified":"2026-02-19T10:37:19","modified_gmt":"2026-02-19T09:37:19","slug":"tempus-fatum","status":"publish","type":"page","link":"https:\/\/accio.pl\/hp9\/tempus-fatum\/","title":{"rendered":"Harry Potter i Tempus Fatum"},"content":{"rendered":"\r\n\r\n\r\n<p style=\"text-align: justify;\">Opowiadanie fanowskie <em>&#8220;Harry Potter i Tempus Fatum&#8221;<\/em> to bo\u017conarodzeniowe fan fiction, kt\u00f3rego fabu\u0142a jest osadzona w DRUPie (wyja\u015bnienie skr\u00f3tu <a href=\"http:\/\/www.accio.pl\/hp9\/index.php\/degi-rozszerzenie-uniwerum-pottera-w-skrocie-drup\/\"><strong>tutaj<\/strong><\/a>). Cho\u0107 przedstawia ca\u0142kiem now\u0105, wymy\u015blon\u0105 przez autora histori\u0119 i postaci, jest <strong>inspirowany<\/strong> seri\u0105 Harry Potter. <span style=\"color: #ff0000;\">Co ciekawe, mimo swojego do\u015b\u0107 lu\u017anego charakteru, opowiadanie to jest zgodne z kanonem HP,\u00a0 informacjami z wczesnego Pottermore, co do dalszych los\u00f3w postaci kanonicznych i podobnie jak wszystkie utwory publikowane na tej stronie, nie uwzgl\u0119dnia niczego, co ma zwi\u0105zek ze scenariuszem sztuki <em>&#8220;Harry Potter i przekl\u0119te dziecko&#8221;<\/em>.<\/span><\/p>\r\n<p>&nbsp;<\/p>\r\n<h3>&#8220;Tempus Fatum&#8221; &#8211; kr\u00f3tki opis fabu\u0142y<\/h3>\r\n<p style=\"text-align: justify;\"><em><a href=\"https:\/\/accio.pl\/hp9\/okladka_tempus_fatum_3d_2026\/\"><img loading=\"lazy\" decoding=\"async\" class=\"alignleft wp-image-2900 size-medium\" src=\"http:\/\/accio.pl\/hp9\/wp-content\/uploads\/2026\/02\/okladka_tempus_fatum_3d_2026-220x300.png\" alt=\"\" width=\"220\" height=\"300\" srcset=\"https:\/\/accio.pl\/hp9\/wp-content\/uploads\/2026\/02\/okladka_tempus_fatum_3d_2026-220x300.png 220w, https:\/\/accio.pl\/hp9\/wp-content\/uploads\/2026\/02\/okladka_tempus_fatum_3d_2026.png 576w\" sizes=\"auto, (max-width: 220px) 100vw, 220px\" \/><\/a>Zuchwa\u0142a kradzie\u017c w sklepie Borgina oraz splot dziwnych i zaskakuj\u0105cych wydarze\u0144 powoduj\u0105, \u017ce Harry Potter po raz kolejny wpada w bardzo powa\u017cne tarapaty. Czy i tym razem uda mu si\u0119 znale\u017a\u0107 wyj\u015bcie z kryzysowej sytuacji? Czym jest tajemnicze Tempus Fatum? Kto stoi za pr\u00f3b\u0105 zab\u00f3jstwa osoby, bez kt\u00f3rej \u015bwi\u0119ta nigdy nie by\u0142yby ju\u017c takie same?\u00a0<\/em><\/p>\r\n<p style=\"text-align: justify;\"><em>\u015awi\u0105teczna opowie\u015b\u0107 ze \u015bwiata Harry&#8217;ego Pottera nasycona jest easter eggami dotycz\u0105cymi wydarze\u0144, kt\u00f3re maj\u0105 miejsce w powie\u015bci &#8220;Deponent Za\u0142o\u017cycieli&#8221;, oraz jej planowanej kontynuacji &#8220;Uciekinier z Nurmengardu&#8221;. Opowiadanie dostarcza te\u017c wielu zaskakuj\u0105cych fakt\u00f3w na temat Potter\u00f3w i Bractwa Czarnej Gwiazdy, kt\u00f3re interesowa\u0142o si\u0119 nimi na wiele lat przed wydarzeniami z &#8220;Pentaklu W\u0119\u017coustych&#8221;.<\/em><\/p>\r\n<p>&nbsp;<\/p>\r\n<h3>&#8220;Tempus Fatum&#8221; opowiadaniem \u015bwi\u0105tecznym<a href=\"https:\/\/accio.pl\/hp9\/okladka_tempus_front2026\/\"><img loading=\"lazy\" decoding=\"async\" class=\"size-medium wp-image-2899 alignright\" src=\"http:\/\/accio.pl\/hp9\/wp-content\/uploads\/2026\/02\/okladka_tempus_front2026-200x300.jpg\" alt=\"\" width=\"200\" height=\"300\" srcset=\"https:\/\/accio.pl\/hp9\/wp-content\/uploads\/2026\/02\/okladka_tempus_front2026-200x300.jpg 200w, https:\/\/accio.pl\/hp9\/wp-content\/uploads\/2026\/02\/okladka_tempus_front2026-683x1024.jpg 683w, https:\/\/accio.pl\/hp9\/wp-content\/uploads\/2026\/02\/okladka_tempus_front2026-768x1152.jpg 768w, https:\/\/accio.pl\/hp9\/wp-content\/uploads\/2026\/02\/okladka_tempus_front2026.jpg 1024w\" sizes=\"auto, (max-width: 200px) 100vw, 200px\" \/><\/a><\/h3>\r\n<p style=\"text-align: justify;\"><em>&#8220;Tempus Fatum&#8221;<\/em> powsta\u0142o w grudniu 2013 roku, jako lu\u017ane opowiadanie o \u015bwi\u0105tecznym charakterze. Autor zadba\u0142 jednak, aby bardzo mocno osadzi\u0107 je w DRUPie. W maju 2014 roku dokona\u0142 licznych poprawek, w tym fabularnych, umieszczaj\u0105c w opowiadaniu wiele smaczk\u00f3w, kt\u00f3re maj\u0105 zwi\u0105zek z fabu\u0142\u0105 trylogii Bractwa Czarnej Gwiazdy.<\/p>\r\n\r\n\r\n\r\n<p style=\"text-align: justify;\">Gor\u0105co zach\u0119camy do lektury wszystkich jedenastu rozdzia\u0142\u00f3w tego opowiadania, kt\u00f3re za darmo s\u0105 dost\u0119pne poni\u017cej. Mo\u017cecie czyta\u0107 je online lub \u015bci\u0105gn\u0105\u0107 sobie na dysk swojego komputera.<\/p>\r\n\r\n\r\n\r\n<p style=\"text-align: center;\"><em>B\u0119d\u0119 wdzi\u0119czny je\u015bli po lekturze ka\u017cdego rozdzia\u0142u, zostawicie sw\u00f3j komentarz pod nim \ud83d\ude42<\/em><\/p>\r\n<h3>\u00a0<\/h3>\r\n<h3 style=\"text-align: center;\">Spis rozdzia\u0142\u00f3w opowiadania dost\u0119pnych zupe\u0142nie za darmo:<\/h3>\r\n<p>&nbsp;<\/p>\r\n\r\n\r\n\r\n<p style=\"text-align: center;\"><strong> <a href=\"http:\/\/www.accio.pl\/hp9\/index.php\/2019\/11\/08\/rozdzial-1-zlodziej\/\"> Rozdzia\u0142 1. Z\u0142odziej<\/a><br \/><a href=\"http:\/\/www.accio.pl\/hp9\/index.php\/2019\/11\/08\/rozdzial-2-kradziez-ktorej-nie-bylo\/\"> Rozdzia\u0142 2. Kradzie\u017c, kt\u00f3rej nie by\u0142o<\/a><br \/><a href=\"http:\/\/www.accio.pl\/hp9\/index.php\/2019\/11\/08\/rozdzial-3-pomocnik\/\"> Rozdzia\u0142 3. Pomocnik<\/a><br \/><a href=\"http:\/\/www.accio.pl\/hp9\/index.php\/2019\/11\/08\/rozdzial-4-zagadkowy-prezent\/\"> Rozdzia\u0142 4. Zagadkowy prezent<\/a><br \/><a href=\"http:\/\/www.accio.pl\/hp9\/index.php\/2019\/11\/08\/rozdzial-5-wampir-z-dolin\/\"> Rozdzia\u0142 5. Wampir z Dolin<\/a><br \/><a href=\"http:\/\/www.accio.pl\/hp9\/index.php\/2019\/11\/08\/rozdzial-6-tempus-fatum\/\"> Rozdzia\u0142 6. Tempus Fatum<\/a><br \/><a href=\"http:\/\/www.accio.pl\/hp9\/index.php\/2019\/11\/08\/rozdzial-7-lodowy-palac\/\"> Rozdzia\u0142 7. Lodowy Pa\u0142ac<\/a><br \/><a href=\"http:\/\/www.accio.pl\/hp9\/index.php\/2019\/11\/08\/rozdzial-8-prezent-niemozliwy-do-otrzymania\/\"> Rozdzia\u0142 8. Prezent niemo\u017cliwy do otrzymania<\/a><br \/><a href=\"http:\/\/www.accio.pl\/hp9\/index.php\/2019\/11\/08\/rozdzial-9-nowy-pomocnik\/\"> Rozdzia\u0142 9. Nowy pomocnik<\/a><br \/><a href=\"http:\/\/www.accio.pl\/hp9\/index.php\/2019\/11\/08\/rozdzial-10-zaklety-prezent\/\"> Rozdzia\u0142 10. Zakl\u0119ty prezent<\/a><br \/><a href=\"http:\/\/www.accio.pl\/hp9\/index.php\/2019\/11\/08\/rozdzial-11-po-czesci-spelnione-marzenie\/\"> Rozdzia\u0142 11. Po cz\u0119\u015bci spe\u0142nione marzenie<\/a><br \/><a href=\"http:\/\/www.accio.pl\/hp9\/index.php\/2019\/11\/08\/komentarz-autora\/\"> Komentarz autora<\/a><\/strong><\/p>\r\n<p style=\"text-align: center;\">\u00a0<\/p>\r\n<h3 style=\"text-align: center;\">&#8220;Tem<a href=\"https:\/\/accio.pl\/hp9\/tempus-fatum\/tempus_3d_mini\/\" rel=\"attachment wp-att-2902\"><img loading=\"lazy\" decoding=\"async\" class=\"size-medium wp-image-2902 alignleft\" src=\"http:\/\/accio.pl\/hp9\/wp-content\/uploads\/2026\/02\/tempus_3d_mini-300x229.png\" alt=\"\" width=\"300\" height=\"229\" srcset=\"https:\/\/accio.pl\/hp9\/wp-content\/uploads\/2026\/02\/tempus_3d_mini-300x229.png 300w, https:\/\/accio.pl\/hp9\/wp-content\/uploads\/2026\/02\/tempus_3d_mini.png 760w\" sizes=\"auto, (max-width: 300px) 100vw, 300px\" \/><\/a>pus Fatum&#8221; do pobrania w formie e-booka za darmo (ca\u0142e opowiadanie w jednym pliku):<\/h3>\r\n<p style=\"text-align: justify;\">W naszym serwisie dost\u0119pne jest ju\u017c darmowe wydanie e-book opowiadania, przygotowane zar\u00f3wno w formacie pdf, jak i epub, oraz mobi. Ka\u017cdy z Was mo\u017ce wi\u0119c pobra\u0107 ksi\u0105\u017ck\u0119 na swoje urz\u0105dzenia mobilne i czyta\u0107 do woli. Ka\u017cda z wersji elektronicznej ksi\u0105\u017cki dost\u0119pna jest pod <a href=\"http:\/\/www.accio.pl\/hp9\/index.php\/darmowe-e-booki\/\"><strong>TYM \u015aWISTOKLIKIEM<\/strong><\/a>.<\/p>\r\n<p><span style=\"color: #ff0000;\">To wydanie nie zawiera nowych ilustracji i nowej ok\u0142adki wygenerowanych przez autora opowiadania &#8211; Marcina D\u0119ga &#8211; z u\u017cyciem technologii AI w lutym 2026 roku.<\/span><\/p>\r\n<p>&nbsp;<\/p>\r\n<h3>Quizy na temat fabu\u0142y &#8220;Tempus Fatum&#8221;<\/h3>\r\n<p style=\"text-align: justify;\">Przeczyta\u0142e\u015b\/\u0142a\u015b opowiadanie? Sprawd\u017a swoj\u0105 wiedz\u0105 na temat jego fabu\u0142y odpowiadaj\u0105c na pytania w naszych quizach, kt\u00f3re dost\u0119pne s\u0105 <a href=\"http:\/\/www.accio.pl\/hp9\/index.php\/category\/quizy\/\"><strong>tutaj<\/strong><\/a>.<\/p>\r\n<p>&nbsp;<\/p>\r\n<p>&nbsp;<\/p>\r\n<p style=\"text-align: center;\">Zach\u0119camy tak\u017ce do do polubienia <a href=\"https:\/\/www.facebook.com\/DeponentZalozycieli\/\"><strong>naszego fanpage&#8217;a na facebooku<\/strong><\/a>!<\/p>\r\n<p style=\"text-align: center;\"><a href=\"https:\/\/accio.pl\/hp9\/blog\/2019\/11\/02\/rozdzial-1-jozu-salu-mcfly\/komentarze_voldemort\/\" rel=\"attachment wp-att-2661\"><img loading=\"lazy\" decoding=\"async\" class=\"aligncenter wp-image-2661\" src=\"http:\/\/accio.pl\/hp9\/wp-content\/uploads\/2019\/11\/komentarze_voldemort-300x82.png\" alt=\"\" width=\"450\" height=\"123\" srcset=\"https:\/\/accio.pl\/hp9\/wp-content\/uploads\/2019\/11\/komentarze_voldemort-300x82.png 300w, https:\/\/accio.pl\/hp9\/wp-content\/uploads\/2019\/11\/komentarze_voldemort.png 550w\" sizes=\"auto, (max-width: 450px) 100vw, 450px\" \/><\/a><\/p>\r\n<p style=\"text-align: center;\">\u00a0<\/p>\r\n","protected":false},"excerpt":{"rendered":"<p>Opowiadanie fanowskie &#8220;Harry Potter i Tempus Fatum&#8221; to bo\u017conarodzeniowe fan fiction, kt\u00f3rego fabu\u0142a jest osadzona w DRUPie (wyja\u015bnienie skr\u00f3tu tutaj). Cho\u0107 przedstawia ca\u0142kiem now\u0105, wymy\u015blon\u0105 przez autora histori\u0119 i postaci, jest inspirowany seri\u0105 Harry Potter. Co ciekawe, mimo swojego do\u015b\u0107 lu\u017anego charakteru, opowiadanie to jest zgodne z kanonem HP,\u00a0 informacjami z wczesnego Pottermore, co do dalszych los\u00f3w postaci kanonicznych i podobnie jak wszystkie utwory publikowane na tej stronie, nie uwzgl\u0119dnia niczego, co ma zwi\u0105zek ze scenariuszem sztuki &#8220;Harry Potter i przekl\u0119te dziecko&#8221;. &nbsp; &#8220;Tempus Fatum&#8221; &#8211; kr\u00f3tki opis fabu\u0142y Zuchwa\u0142a kradzie\u017c w sklepie Borgina oraz splot dziwnych i zaskakuj\u0105cych wydarze\u0144 powoduj\u0105, \u017ce Harry Potter po raz kolejny wpada w bardzo powa\u017cne tarapaty. Czy i tym razem uda mu si\u0119 znale\u017a\u0107 wyj\u015bcie z kryzysowej sytuacji? Czym jest tajemnicze Tempus Fatum? Kto stoi za pr\u00f3b\u0105 zab\u00f3jstwa osoby, bez kt\u00f3rej \u015bwi\u0119ta nigdy nie by\u0142yby ju\u017c takie same?\u00a0 \u015awi\u0105teczna opowie\u015b\u0107 ze \u015bwiata Harry&#8217;ego Pottera nasycona jest easter eggami dotycz\u0105cymi wydarze\u0144, kt\u00f3re maj\u0105 miejsce w powie\u015bci &#8220;Deponent Za\u0142o\u017cycieli&#8221;, oraz jej planowanej kontynuacji &#8220;Uciekinier z Nurmengardu&#8221;. Opowiadanie dostarcza te\u017c wielu zaskakuj\u0105cych fakt\u00f3w na temat Potter\u00f3w i Bractwa Czarnej Gwiazdy, kt\u00f3re interesowa\u0142o si\u0119 nimi na wiele lat przed wydarzeniami z &#8220;Pentaklu W\u0119\u017coustych&#8221;. &nbsp; &#8220;Tempus Fatum&#8221; opowiadaniem \u015bwi\u0105tecznym &#8220;Tempus Fatum&#8221; powsta\u0142o w grudniu 2013 roku, jako lu\u017ane opowiadanie o \u015bwi\u0105tecznym charakterze. Autor zadba\u0142 jednak, aby bardzo mocno osadzi\u0107 je w DRUPie. W maju 2014 roku dokona\u0142 licznych poprawek, w tym fabularnych, umieszczaj\u0105c w opowiadaniu wiele smaczk\u00f3w, kt\u00f3re maj\u0105 zwi\u0105zek z fabu\u0142\u0105 trylogii Bractwa Czarnej Gwiazdy. Gor\u0105co zach\u0119camy do lektury wszystkich jedenastu rozdzia\u0142\u00f3w tego opowiadania, kt\u00f3re za darmo s\u0105 dost\u0119pne poni\u017cej. Mo\u017cecie czyta\u0107 je online lub \u015bci\u0105gn\u0105\u0107 sobie na dysk swojego komputera. B\u0119d\u0119 wdzi\u0119czny je\u015bli po lekturze ka\u017cdego rozdzia\u0142u, zostawicie sw\u00f3j komentarz pod nim \ud83d\ude42 \u00a0 Spis rozdzia\u0142\u00f3w opowiadania dost\u0119pnych zupe\u0142nie za darmo: &nbsp; Rozdzia\u0142 1. Z\u0142odziej Rozdzia\u0142 2. Kradzie\u017c, kt\u00f3rej nie by\u0142o Rozdzia\u0142 3. Pomocnik Rozdzia\u0142 4. Zagadkowy prezent Rozdzia\u0142 5. Wampir z Dolin Rozdzia\u0142 6. Tempus Fatum Rozdzia\u0142 7. Lodowy Pa\u0142ac Rozdzia\u0142 8. Prezent niemo\u017cliwy do otrzymania Rozdzia\u0142 9. Nowy pomocnik Rozdzia\u0142 10. Zakl\u0119ty prezent Rozdzia\u0142 11. Po cz\u0119\u015bci spe\u0142nione marzenie Komentarz autora \u00a0 &#8220;Tempus Fatum&#8221; do pobrania w formie e-booka za darmo (ca\u0142e opowiadanie w jednym pliku): W naszym serwisie dost\u0119pne jest ju\u017c darmowe wydanie e-book opowiadania, przygotowane zar\u00f3wno w formacie pdf, jak i epub, oraz mobi. Ka\u017cdy z Was mo\u017ce wi\u0119c pobra\u0107 ksi\u0105\u017ck\u0119 na swoje urz\u0105dzenia mobilne i czyta\u0107 do woli. Ka\u017cda z wersji elektronicznej ksi\u0105\u017cki dost\u0119pna jest pod TYM \u015aWISTOKLIKIEM. To wydanie nie zawiera nowych ilustracji i nowej ok\u0142adki wygenerowanych przez autora opowiadania &#8211; Marcina D\u0119ga &#8211; z u\u017cyciem technologii AI w lutym 2026 roku. &nbsp; Quizy na temat fabu\u0142y &#8220;Tempus Fatum&#8221; Przeczyta\u0142e\u015b\/\u0142a\u015b opowiadanie? Sprawd\u017a swoj\u0105 wiedz\u0105 na temat jego fabu\u0142y odpowiadaj\u0105c na pytania w naszych quizach, kt\u00f3re dost\u0119pne s\u0105 tutaj. &nbsp; &nbsp; Zach\u0119camy tak\u017ce do do polubienia naszego fanpage&#8217;a na facebooku! \u00a0<\/p>\n","protected":false},"author":1,"featured_media":0,"parent":0,"menu_order":0,"comment_status":"open","ping_status":"closed","template":"","meta":{"footnotes":""},"class_list":["post-433","page","type-page","status-publish","hentry"],"yoast_head":"<!-- This site is optimized with the Yoast SEO plugin v27.5 - https:\/\/yoast.com\/product\/yoast-seo-wordpress\/ -->\n<title>Harry Potter i Tempus Fatum - fan fiction DRUP! - Accio.pl<\/title>\n<meta name=\"description\" content=\"&quot;Tempus Fatum&quot; to utw\u00f3r fanowski, inspirowany ksi\u0105\u017ckami z serii Harry Potter J.K. Rowling. Fan fiction to nale\u017cy do DRUP-u.\" \/>\n<meta name=\"robots\" content=\"index, follow, max-snippet:-1, max-image-preview:large, max-video-preview:-1\" \/>\n<link rel=\"canonical\" href=\"https:\/\/accio.pl\/hp9\/tempus-fatum\/\" \/>\n<meta property=\"og:locale\" content=\"pl_PL\" \/>\n<meta property=\"og:type\" content=\"article\" \/>\n<meta property=\"og:title\" content=\"Harry Potter i Tempus Fatum - fan fiction DRUP! - Accio.pl\" \/>\n<meta property=\"og:description\" content=\"&quot;Tempus Fatum&quot; to utw\u00f3r fanowski, inspirowany ksi\u0105\u017ckami z serii Harry Potter J.K. Rowling. Fan fiction to nale\u017cy do DRUP-u.\" \/>\n<meta property=\"og:url\" content=\"https:\/\/accio.pl\/hp9\/tempus-fatum\/\" \/>\n<meta property=\"og:site_name\" content=\"Accio.pl\" \/>\n<meta property=\"article:modified_time\" content=\"2026-02-19T09:37:19+00:00\" \/>\n<meta property=\"og:image\" content=\"https:\/\/accio.pl\/hp9\/wp-content\/uploads\/2026\/02\/okladka_tempus_fatum_3d_2026.png\" \/>\n\t<meta property=\"og:image:width\" content=\"576\" \/>\n\t<meta property=\"og:image:height\" content=\"785\" \/>\n\t<meta property=\"og:image:type\" content=\"image\/png\" \/>\n<meta name=\"twitter:card\" content=\"summary_large_image\" \/>\n<meta name=\"twitter:label1\" content=\"Szacowany czas czytania\" \/>\n\t<meta name=\"twitter:data1\" content=\"4 minuty\" \/>\n<script type=\"application\/ld+json\" class=\"yoast-schema-graph\">{\"@context\":\"https:\\\/\\\/schema.org\",\"@graph\":[{\"@type\":\"WebPage\",\"@id\":\"https:\\\/\\\/accio.pl\\\/hp9\\\/tempus-fatum\\\/\",\"url\":\"https:\\\/\\\/accio.pl\\\/hp9\\\/tempus-fatum\\\/\",\"name\":\"Harry Potter i Tempus Fatum - fan fiction DRUP! - Accio.pl\",\"isPartOf\":{\"@id\":\"https:\\\/\\\/accio.pl\\\/hp9\\\/#website\"},\"primaryImageOfPage\":{\"@id\":\"https:\\\/\\\/accio.pl\\\/hp9\\\/tempus-fatum\\\/#primaryimage\"},\"image\":{\"@id\":\"https:\\\/\\\/accio.pl\\\/hp9\\\/tempus-fatum\\\/#primaryimage\"},\"thumbnailUrl\":\"http:\\\/\\\/accio.pl\\\/hp9\\\/wp-content\\\/uploads\\\/2026\\\/02\\\/okladka_tempus_fatum_3d_2026-220x300.png\",\"datePublished\":\"2019-11-09T13:30:44+00:00\",\"dateModified\":\"2026-02-19T09:37:19+00:00\",\"description\":\"\\\"Tempus Fatum\\\" to utw\u00f3r fanowski, inspirowany ksi\u0105\u017ckami z serii Harry Potter J.K. Rowling. Fan fiction to nale\u017cy do DRUP-u.\",\"breadcrumb\":{\"@id\":\"https:\\\/\\\/accio.pl\\\/hp9\\\/tempus-fatum\\\/#breadcrumb\"},\"inLanguage\":\"pl-PL\",\"potentialAction\":[{\"@type\":\"ReadAction\",\"target\":[\"https:\\\/\\\/accio.pl\\\/hp9\\\/tempus-fatum\\\/\"]}]},{\"@type\":\"ImageObject\",\"inLanguage\":\"pl-PL\",\"@id\":\"https:\\\/\\\/accio.pl\\\/hp9\\\/tempus-fatum\\\/#primaryimage\",\"url\":\"https:\\\/\\\/accio.pl\\\/hp9\\\/wp-content\\\/uploads\\\/2026\\\/02\\\/okladka_tempus_fatum_3d_2026.png\",\"contentUrl\":\"https:\\\/\\\/accio.pl\\\/hp9\\\/wp-content\\\/uploads\\\/2026\\\/02\\\/okladka_tempus_fatum_3d_2026.png\",\"width\":576,\"height\":785},{\"@type\":\"BreadcrumbList\",\"@id\":\"https:\\\/\\\/accio.pl\\\/hp9\\\/tempus-fatum\\\/#breadcrumb\",\"itemListElement\":[{\"@type\":\"ListItem\",\"position\":1,\"name\":\"Strona g\u0142\u00f3wna\",\"item\":\"https:\\\/\\\/accio.pl\\\/hp9\\\/\"},{\"@type\":\"ListItem\",\"position\":2,\"name\":\"Harry Potter i Tempus Fatum\"}]},{\"@type\":\"WebSite\",\"@id\":\"https:\\\/\\\/accio.pl\\\/hp9\\\/#website\",\"url\":\"https:\\\/\\\/accio.pl\\\/hp9\\\/\",\"name\":\"Accio.pl\",\"description\":\"Przywo\u0142aj magi\u0119 sprzed lat!\",\"publisher\":{\"@id\":\"https:\\\/\\\/accio.pl\\\/hp9\\\/#organization\"},\"potentialAction\":[{\"@type\":\"SearchAction\",\"target\":{\"@type\":\"EntryPoint\",\"urlTemplate\":\"https:\\\/\\\/accio.pl\\\/hp9\\\/?s={search_term_string}\"},\"query-input\":{\"@type\":\"PropertyValueSpecification\",\"valueRequired\":true,\"valueName\":\"search_term_string\"}}],\"inLanguage\":\"pl-PL\"},{\"@type\":\"Organization\",\"@id\":\"https:\\\/\\\/accio.pl\\\/hp9\\\/#organization\",\"name\":\"Accio.pl\",\"url\":\"https:\\\/\\\/accio.pl\\\/hp9\\\/\",\"logo\":{\"@type\":\"ImageObject\",\"inLanguage\":\"pl-PL\",\"@id\":\"https:\\\/\\\/accio.pl\\\/hp9\\\/#\\\/schema\\\/logo\\\/image\\\/\",\"url\":\"https:\\\/\\\/accio.pl\\\/hp9\\\/wp-content\\\/uploads\\\/2026\\\/02\\\/logo_accio2026b.png\",\"contentUrl\":\"https:\\\/\\\/accio.pl\\\/hp9\\\/wp-content\\\/uploads\\\/2026\\\/02\\\/logo_accio2026b.png\",\"width\":370,\"height\":150,\"caption\":\"Accio.pl\"},\"image\":{\"@id\":\"https:\\\/\\\/accio.pl\\\/hp9\\\/#\\\/schema\\\/logo\\\/image\\\/\"}}]}<\/script>\n<!-- \/ Yoast SEO plugin. -->","yoast_head_json":{"title":"Harry Potter i Tempus Fatum - fan fiction DRUP! - Accio.pl","description":"\"Tempus Fatum\" to utw\u00f3r fanowski, inspirowany ksi\u0105\u017ckami z serii Harry Potter J.K. Rowling. Fan fiction to nale\u017cy do DRUP-u.","robots":{"index":"index","follow":"follow","max-snippet":"max-snippet:-1","max-image-preview":"max-image-preview:large","max-video-preview":"max-video-preview:-1"},"canonical":"https:\/\/accio.pl\/hp9\/tempus-fatum\/","og_locale":"pl_PL","og_type":"article","og_title":"Harry Potter i Tempus Fatum - fan fiction DRUP! - Accio.pl","og_description":"\"Tempus Fatum\" to utw\u00f3r fanowski, inspirowany ksi\u0105\u017ckami z serii Harry Potter J.K. Rowling. Fan fiction to nale\u017cy do DRUP-u.","og_url":"https:\/\/accio.pl\/hp9\/tempus-fatum\/","og_site_name":"Accio.pl","article_modified_time":"2026-02-19T09:37:19+00:00","og_image":[{"width":576,"height":785,"url":"https:\/\/accio.pl\/hp9\/wp-content\/uploads\/2026\/02\/okladka_tempus_fatum_3d_2026.png","type":"image\/png"}],"twitter_card":"summary_large_image","twitter_misc":{"Szacowany czas czytania":"4 minuty"},"schema":{"@context":"https:\/\/schema.org","@graph":[{"@type":"WebPage","@id":"https:\/\/accio.pl\/hp9\/tempus-fatum\/","url":"https:\/\/accio.pl\/hp9\/tempus-fatum\/","name":"Harry Potter i Tempus Fatum - fan fiction DRUP! - Accio.pl","isPartOf":{"@id":"https:\/\/accio.pl\/hp9\/#website"},"primaryImageOfPage":{"@id":"https:\/\/accio.pl\/hp9\/tempus-fatum\/#primaryimage"},"image":{"@id":"https:\/\/accio.pl\/hp9\/tempus-fatum\/#primaryimage"},"thumbnailUrl":"http:\/\/accio.pl\/hp9\/wp-content\/uploads\/2026\/02\/okladka_tempus_fatum_3d_2026-220x300.png","datePublished":"2019-11-09T13:30:44+00:00","dateModified":"2026-02-19T09:37:19+00:00","description":"\"Tempus Fatum\" to utw\u00f3r fanowski, inspirowany ksi\u0105\u017ckami z serii Harry Potter J.K. Rowling. Fan fiction to nale\u017cy do DRUP-u.","breadcrumb":{"@id":"https:\/\/accio.pl\/hp9\/tempus-fatum\/#breadcrumb"},"inLanguage":"pl-PL","potentialAction":[{"@type":"ReadAction","target":["https:\/\/accio.pl\/hp9\/tempus-fatum\/"]}]},{"@type":"ImageObject","inLanguage":"pl-PL","@id":"https:\/\/accio.pl\/hp9\/tempus-fatum\/#primaryimage","url":"https:\/\/accio.pl\/hp9\/wp-content\/uploads\/2026\/02\/okladka_tempus_fatum_3d_2026.png","contentUrl":"https:\/\/accio.pl\/hp9\/wp-content\/uploads\/2026\/02\/okladka_tempus_fatum_3d_2026.png","width":576,"height":785},{"@type":"BreadcrumbList","@id":"https:\/\/accio.pl\/hp9\/tempus-fatum\/#breadcrumb","itemListElement":[{"@type":"ListItem","position":1,"name":"Strona g\u0142\u00f3wna","item":"https:\/\/accio.pl\/hp9\/"},{"@type":"ListItem","position":2,"name":"Harry Potter i Tempus Fatum"}]},{"@type":"WebSite","@id":"https:\/\/accio.pl\/hp9\/#website","url":"https:\/\/accio.pl\/hp9\/","name":"Accio.pl","description":"Przywo\u0142aj magi\u0119 sprzed lat!","publisher":{"@id":"https:\/\/accio.pl\/hp9\/#organization"},"potentialAction":[{"@type":"SearchAction","target":{"@type":"EntryPoint","urlTemplate":"https:\/\/accio.pl\/hp9\/?s={search_term_string}"},"query-input":{"@type":"PropertyValueSpecification","valueRequired":true,"valueName":"search_term_string"}}],"inLanguage":"pl-PL"},{"@type":"Organization","@id":"https:\/\/accio.pl\/hp9\/#organization","name":"Accio.pl","url":"https:\/\/accio.pl\/hp9\/","logo":{"@type":"ImageObject","inLanguage":"pl-PL","@id":"https:\/\/accio.pl\/hp9\/#\/schema\/logo\/image\/","url":"https:\/\/accio.pl\/hp9\/wp-content\/uploads\/2026\/02\/logo_accio2026b.png","contentUrl":"https:\/\/accio.pl\/hp9\/wp-content\/uploads\/2026\/02\/logo_accio2026b.png","width":370,"height":150,"caption":"Accio.pl"},"image":{"@id":"https:\/\/accio.pl\/hp9\/#\/schema\/logo\/image\/"}}]}},"_links":{"self":[{"href":"https:\/\/accio.pl\/hp9\/wp-json\/wp\/v2\/pages\/433","targetHints":{"allow":["GET"]}}],"collection":[{"href":"https:\/\/accio.pl\/hp9\/wp-json\/wp\/v2\/pages"}],"about":[{"href":"https:\/\/accio.pl\/hp9\/wp-json\/wp\/v2\/types\/page"}],"author":[{"embeddable":true,"href":"https:\/\/accio.pl\/hp9\/wp-json\/wp\/v2\/users\/1"}],"replies":[{"embeddable":true,"href":"https:\/\/accio.pl\/hp9\/wp-json\/wp\/v2\/comments?post=433"}],"version-history":[{"count":4,"href":"https:\/\/accio.pl\/hp9\/wp-json\/wp\/v2\/pages\/433\/revisions"}],"predecessor-version":[{"id":3208,"href":"https:\/\/accio.pl\/hp9\/wp-json\/wp\/v2\/pages\/433\/revisions\/3208"}],"wp:attachment":[{"href":"https:\/\/accio.pl\/hp9\/wp-json\/wp\/v2\/media?parent=433"}],"curies":[{"name":"wp","href":"https:\/\/api.w.org\/{rel}","templated":true}]}}