{"id":1658,"date":"2020-05-31T15:04:55","date_gmt":"2020-05-31T13:04:55","guid":{"rendered":"http:\/\/www.accio.pl\/hp9\/?page_id=1658"},"modified":"2020-06-04T09:44:47","modified_gmt":"2020-06-04T07:44:47","slug":"trzecie-zadanie-konkursu-trojmagicznego-upps","status":"publish","type":"page","link":"https:\/\/accio.pl\/hp9\/trzecie-zadanie-konkursu-trojmagicznego-upps\/","title":{"rendered":"Trzecie Zadanie Konkursu Tr\u00f3jmagicznego &#8211; UPPS&#8230;"},"content":{"rendered":"<p><a href=\"http:\/\/www.accio.pl\/hp9\/index.php\/konkurs-trojmagiczny\/konkurs3magiczny_logo\/\" rel=\"attachment wp-att-1450\"><img loading=\"lazy\" decoding=\"async\" class=\"wp-image-1450 size-full aligncenter\" src=\"http:\/\/www.accio.pl\/hp9\/wp-content\/uploads\/2020\/04\/konkurs3magiczny_logo.png\" alt=\"\" width=\"650\" height=\"120\" srcset=\"https:\/\/accio.pl\/hp9\/wp-content\/uploads\/2020\/04\/konkurs3magiczny_logo.png 650w, https:\/\/accio.pl\/hp9\/wp-content\/uploads\/2020\/04\/konkurs3magiczny_logo-300x55.png 300w, https:\/\/accio.pl\/hp9\/wp-content\/uploads\/2020\/04\/konkurs3magiczny_logo-150x28.png 150w, https:\/\/accio.pl\/hp9\/wp-content\/uploads\/2020\/04\/konkurs3magiczny_logo-250x46.png 250w\" sizes=\"auto, (max-width: 650px) 100vw, 650px\" \/><\/a><\/p>\n<p style=\"text-align: center;\">Na brod\u0119 Merlina! Bractwo Czarnej Gwiazdy wci\u0105\u017c jest aktywne! Tym razem jego cz\u0142onkowie zaczarowali fragment powie\u015bci <em>&#8220;Harry Potter i Deponent Za\u0142o\u017cycieli&#8221;<\/em>. Sam(a) zobacz:<\/p>\n<blockquote>\n<p style=\"text-align: center;\">dopieropochwiliharryspostrzeg\u0142\u017cewk\u0105ciepubuprzyjednymzestolik\u00f3wsiedzia\u0142a<br \/>\nXXXXXXXXXXcogoszanieby\u0142asamatenwidokbardzozabola\u0142harry&#8217;egopoczu\u0142<br \/>\nnarastaj\u0105c\u0105z\u0142o\u015b\u0107znowus\u0105razemapodobnoonaniemapewno\u015bciczychceznimby<br \/>\n\u0107oburzy\u0142si\u0119wmy\u015blachpocomnieoszukujespotykasi\u0119ztympalantemz<br \/>\namoimiplecami<\/p>\n<\/blockquote>\n<h2 style=\"text-align: center;\"><\/h2>\n<p style=\"text-align: justify;\">Hmm&#8230; dasz rad\u0119 rozszyfrowa\u0107 ten tekst? Osoba o kt\u00f3rej w nim mowa jest bowiem has\u0142em dost\u0119pu do trzeciego zadania (imi\u0119 i nazwisko tej osoby pisane drukowanymi literami \u0142\u0105cznie). Po rozszyfrowaniu has\u0142a wpisz je drukowanymi literami pod <a href=\"http:\/\/www.accio.pl\/hp9\/index.php\/konkurs-trojmagiczny-zadanie-trzecie\/\"><strong>TYM \u015aWISTOKLIKIEM<\/strong><\/a>.<\/p>\n","protected":false},"excerpt":{"rendered":"<p>Na brod\u0119 Merlina! Bractwo Czarnej Gwiazdy wci\u0105\u017c jest aktywne! Tym razem jego cz\u0142onkowie zaczarowali fragment powie\u015bci &#8220;Harry Potter i Deponent Za\u0142o\u017cycieli&#8221;. Sam(a) zobacz: dopieropochwiliharryspostrzeg\u0142\u017cewk\u0105ciepubuprzyjednymzestolik\u00f3wsiedzia\u0142a XXXXXXXXXXcogoszanieby\u0142asamatenwidokbardzozabola\u0142harry&#8217;egopoczu\u0142 narastaj\u0105c\u0105z\u0142o\u015b\u0107znowus\u0105razemapodobnoonaniemapewno\u015bciczychceznimby \u0107oburzy\u0142si\u0119wmy\u015blachpocomnieoszukujespotykasi\u0119ztympalantemz amoimiplecami Hmm&#8230; dasz rad\u0119 rozszyfrowa\u0107 ten tekst? Osoba o kt\u00f3rej w nim mowa jest bowiem has\u0142em dost\u0119pu do trzeciego zadania (imi\u0119 i nazwisko tej osoby pisane drukowanymi literami \u0142\u0105cznie). Po rozszyfrowaniu has\u0142a wpisz je drukowanymi literami pod TYM \u015aWISTOKLIKIEM.<\/p>\n","protected":false},"author":1,"featured_media":0,"parent":0,"menu_order":0,"comment_status":"closed","ping_status":"closed","template":"","meta":{"footnotes":""},"class_list":["post-1658","page","type-page","status-publish","hentry"],"yoast_head":"<!-- This site is optimized with the Yoast SEO plugin v27.4 - https:\/\/yoast.com\/product\/yoast-seo-wordpress\/ -->\n<title>Trzecie Zadanie Konkursu Tr\u00f3jmagicznego - UPPS... - Accio.pl<\/title>\n<meta name=\"robots\" content=\"index, follow, max-snippet:-1, max-image-preview:large, max-video-preview:-1\" \/>\n<link rel=\"canonical\" href=\"https:\/\/accio.pl\/hp9\/trzecie-zadanie-konkursu-trojmagicznego-upps\/\" \/>\n<meta property=\"og:locale\" content=\"pl_PL\" \/>\n<meta property=\"og:type\" content=\"article\" \/>\n<meta property=\"og:title\" content=\"Trzecie Zadanie Konkursu Tr\u00f3jmagicznego - UPPS... - Accio.pl\" \/>\n<meta property=\"og:description\" content=\"Na brod\u0119 Merlina! Bractwo Czarnej Gwiazdy wci\u0105\u017c jest aktywne! Tym razem jego cz\u0142onkowie zaczarowali fragment powie\u015bci &#8220;Harry Potter i Deponent Za\u0142o\u017cycieli&#8221;. Sam(a) zobacz: dopieropochwiliharryspostrzeg\u0142\u017cewk\u0105ciepubuprzyjednymzestolik\u00f3wsiedzia\u0142a XXXXXXXXXXcogoszanieby\u0142asamatenwidokbardzozabola\u0142harry&#8217;egopoczu\u0142 narastaj\u0105c\u0105z\u0142o\u015b\u0107znowus\u0105razemapodobnoonaniemapewno\u015bciczychceznimby \u0107oburzy\u0142si\u0119wmy\u015blachpocomnieoszukujespotykasi\u0119ztympalantemz amoimiplecami Hmm&#8230; dasz rad\u0119 rozszyfrowa\u0107 ten tekst? Osoba o kt\u00f3rej w nim mowa jest bowiem has\u0142em dost\u0119pu do trzeciego zadania (imi\u0119 i nazwisko tej osoby pisane drukowanymi literami \u0142\u0105cznie). Po rozszyfrowaniu has\u0142a wpisz je drukowanymi literami pod TYM \u015aWISTOKLIKIEM.\" \/>\n<meta property=\"og:url\" content=\"https:\/\/accio.pl\/hp9\/trzecie-zadanie-konkursu-trojmagicznego-upps\/\" \/>\n<meta property=\"og:site_name\" content=\"Accio.pl\" \/>\n<meta property=\"article:modified_time\" content=\"2020-06-04T07:44:47+00:00\" \/>\n<meta property=\"og:image\" content=\"http:\/\/www.accio.pl\/hp9\/wp-content\/uploads\/2020\/04\/konkurs3magiczny_logo.png\" \/>\n<meta name=\"twitter:card\" content=\"summary_large_image\" \/>\n<script type=\"application\/ld+json\" class=\"yoast-schema-graph\">{\"@context\":\"https:\\\/\\\/schema.org\",\"@graph\":[{\"@type\":\"WebPage\",\"@id\":\"https:\\\/\\\/accio.pl\\\/hp9\\\/trzecie-zadanie-konkursu-trojmagicznego-upps\\\/\",\"url\":\"https:\\\/\\\/accio.pl\\\/hp9\\\/trzecie-zadanie-konkursu-trojmagicznego-upps\\\/\",\"name\":\"Trzecie Zadanie Konkursu Tr\u00f3jmagicznego - UPPS... - Accio.pl\",\"isPartOf\":{\"@id\":\"https:\\\/\\\/accio.pl\\\/hp9\\\/#website\"},\"primaryImageOfPage\":{\"@id\":\"https:\\\/\\\/accio.pl\\\/hp9\\\/trzecie-zadanie-konkursu-trojmagicznego-upps\\\/#primaryimage\"},\"image\":{\"@id\":\"https:\\\/\\\/accio.pl\\\/hp9\\\/trzecie-zadanie-konkursu-trojmagicznego-upps\\\/#primaryimage\"},\"thumbnailUrl\":\"http:\\\/\\\/www.accio.pl\\\/hp9\\\/wp-content\\\/uploads\\\/2020\\\/04\\\/konkurs3magiczny_logo.png\",\"datePublished\":\"2020-05-31T13:04:55+00:00\",\"dateModified\":\"2020-06-04T07:44:47+00:00\",\"breadcrumb\":{\"@id\":\"https:\\\/\\\/accio.pl\\\/hp9\\\/trzecie-zadanie-konkursu-trojmagicznego-upps\\\/#breadcrumb\"},\"inLanguage\":\"pl-PL\",\"potentialAction\":[{\"@type\":\"ReadAction\",\"target\":[\"https:\\\/\\\/accio.pl\\\/hp9\\\/trzecie-zadanie-konkursu-trojmagicznego-upps\\\/\"]}]},{\"@type\":\"ImageObject\",\"inLanguage\":\"pl-PL\",\"@id\":\"https:\\\/\\\/accio.pl\\\/hp9\\\/trzecie-zadanie-konkursu-trojmagicznego-upps\\\/#primaryimage\",\"url\":\"http:\\\/\\\/www.accio.pl\\\/hp9\\\/wp-content\\\/uploads\\\/2020\\\/04\\\/konkurs3magiczny_logo.png\",\"contentUrl\":\"http:\\\/\\\/www.accio.pl\\\/hp9\\\/wp-content\\\/uploads\\\/2020\\\/04\\\/konkurs3magiczny_logo.png\"},{\"@type\":\"BreadcrumbList\",\"@id\":\"https:\\\/\\\/accio.pl\\\/hp9\\\/trzecie-zadanie-konkursu-trojmagicznego-upps\\\/#breadcrumb\",\"itemListElement\":[{\"@type\":\"ListItem\",\"position\":1,\"name\":\"Strona g\u0142\u00f3wna\",\"item\":\"https:\\\/\\\/accio.pl\\\/hp9\\\/\"},{\"@type\":\"ListItem\",\"position\":2,\"name\":\"Trzecie Zadanie Konkursu Tr\u00f3jmagicznego &#8211; UPPS&#8230;\"}]},{\"@type\":\"WebSite\",\"@id\":\"https:\\\/\\\/accio.pl\\\/hp9\\\/#website\",\"url\":\"https:\\\/\\\/accio.pl\\\/hp9\\\/\",\"name\":\"Accio.pl\",\"description\":\"Przywo\u0142aj magi\u0119 sprzed lat!\",\"publisher\":{\"@id\":\"https:\\\/\\\/accio.pl\\\/hp9\\\/#organization\"},\"potentialAction\":[{\"@type\":\"SearchAction\",\"target\":{\"@type\":\"EntryPoint\",\"urlTemplate\":\"https:\\\/\\\/accio.pl\\\/hp9\\\/?s={search_term_string}\"},\"query-input\":{\"@type\":\"PropertyValueSpecification\",\"valueRequired\":true,\"valueName\":\"search_term_string\"}}],\"inLanguage\":\"pl-PL\"},{\"@type\":\"Organization\",\"@id\":\"https:\\\/\\\/accio.pl\\\/hp9\\\/#organization\",\"name\":\"Accio.pl\",\"url\":\"https:\\\/\\\/accio.pl\\\/hp9\\\/\",\"logo\":{\"@type\":\"ImageObject\",\"inLanguage\":\"pl-PL\",\"@id\":\"https:\\\/\\\/accio.pl\\\/hp9\\\/#\\\/schema\\\/logo\\\/image\\\/\",\"url\":\"https:\\\/\\\/accio.pl\\\/hp9\\\/wp-content\\\/uploads\\\/2026\\\/02\\\/logo_accio2026b.png\",\"contentUrl\":\"https:\\\/\\\/accio.pl\\\/hp9\\\/wp-content\\\/uploads\\\/2026\\\/02\\\/logo_accio2026b.png\",\"width\":370,\"height\":150,\"caption\":\"Accio.pl\"},\"image\":{\"@id\":\"https:\\\/\\\/accio.pl\\\/hp9\\\/#\\\/schema\\\/logo\\\/image\\\/\"}}]}<\/script>\n<!-- \/ Yoast SEO plugin. -->","yoast_head_json":{"title":"Trzecie Zadanie Konkursu Tr\u00f3jmagicznego - UPPS... - Accio.pl","robots":{"index":"index","follow":"follow","max-snippet":"max-snippet:-1","max-image-preview":"max-image-preview:large","max-video-preview":"max-video-preview:-1"},"canonical":"https:\/\/accio.pl\/hp9\/trzecie-zadanie-konkursu-trojmagicznego-upps\/","og_locale":"pl_PL","og_type":"article","og_title":"Trzecie Zadanie Konkursu Tr\u00f3jmagicznego - UPPS... - Accio.pl","og_description":"Na brod\u0119 Merlina! Bractwo Czarnej Gwiazdy wci\u0105\u017c jest aktywne! Tym razem jego cz\u0142onkowie zaczarowali fragment powie\u015bci &#8220;Harry Potter i Deponent Za\u0142o\u017cycieli&#8221;. Sam(a) zobacz: dopieropochwiliharryspostrzeg\u0142\u017cewk\u0105ciepubuprzyjednymzestolik\u00f3wsiedzia\u0142a XXXXXXXXXXcogoszanieby\u0142asamatenwidokbardzozabola\u0142harry&#8217;egopoczu\u0142 narastaj\u0105c\u0105z\u0142o\u015b\u0107znowus\u0105razemapodobnoonaniemapewno\u015bciczychceznimby \u0107oburzy\u0142si\u0119wmy\u015blachpocomnieoszukujespotykasi\u0119ztympalantemz amoimiplecami Hmm&#8230; dasz rad\u0119 rozszyfrowa\u0107 ten tekst? Osoba o kt\u00f3rej w nim mowa jest bowiem has\u0142em dost\u0119pu do trzeciego zadania (imi\u0119 i nazwisko tej osoby pisane drukowanymi literami \u0142\u0105cznie). Po rozszyfrowaniu has\u0142a wpisz je drukowanymi literami pod TYM \u015aWISTOKLIKIEM.","og_url":"https:\/\/accio.pl\/hp9\/trzecie-zadanie-konkursu-trojmagicznego-upps\/","og_site_name":"Accio.pl","article_modified_time":"2020-06-04T07:44:47+00:00","og_image":[{"url":"http:\/\/www.accio.pl\/hp9\/wp-content\/uploads\/2020\/04\/konkurs3magiczny_logo.png","type":"","width":"","height":""}],"twitter_card":"summary_large_image","schema":{"@context":"https:\/\/schema.org","@graph":[{"@type":"WebPage","@id":"https:\/\/accio.pl\/hp9\/trzecie-zadanie-konkursu-trojmagicznego-upps\/","url":"https:\/\/accio.pl\/hp9\/trzecie-zadanie-konkursu-trojmagicznego-upps\/","name":"Trzecie Zadanie Konkursu Tr\u00f3jmagicznego - UPPS... - Accio.pl","isPartOf":{"@id":"https:\/\/accio.pl\/hp9\/#website"},"primaryImageOfPage":{"@id":"https:\/\/accio.pl\/hp9\/trzecie-zadanie-konkursu-trojmagicznego-upps\/#primaryimage"},"image":{"@id":"https:\/\/accio.pl\/hp9\/trzecie-zadanie-konkursu-trojmagicznego-upps\/#primaryimage"},"thumbnailUrl":"http:\/\/www.accio.pl\/hp9\/wp-content\/uploads\/2020\/04\/konkurs3magiczny_logo.png","datePublished":"2020-05-31T13:04:55+00:00","dateModified":"2020-06-04T07:44:47+00:00","breadcrumb":{"@id":"https:\/\/accio.pl\/hp9\/trzecie-zadanie-konkursu-trojmagicznego-upps\/#breadcrumb"},"inLanguage":"pl-PL","potentialAction":[{"@type":"ReadAction","target":["https:\/\/accio.pl\/hp9\/trzecie-zadanie-konkursu-trojmagicznego-upps\/"]}]},{"@type":"ImageObject","inLanguage":"pl-PL","@id":"https:\/\/accio.pl\/hp9\/trzecie-zadanie-konkursu-trojmagicznego-upps\/#primaryimage","url":"http:\/\/www.accio.pl\/hp9\/wp-content\/uploads\/2020\/04\/konkurs3magiczny_logo.png","contentUrl":"http:\/\/www.accio.pl\/hp9\/wp-content\/uploads\/2020\/04\/konkurs3magiczny_logo.png"},{"@type":"BreadcrumbList","@id":"https:\/\/accio.pl\/hp9\/trzecie-zadanie-konkursu-trojmagicznego-upps\/#breadcrumb","itemListElement":[{"@type":"ListItem","position":1,"name":"Strona g\u0142\u00f3wna","item":"https:\/\/accio.pl\/hp9\/"},{"@type":"ListItem","position":2,"name":"Trzecie Zadanie Konkursu Tr\u00f3jmagicznego &#8211; UPPS&#8230;"}]},{"@type":"WebSite","@id":"https:\/\/accio.pl\/hp9\/#website","url":"https:\/\/accio.pl\/hp9\/","name":"Accio.pl","description":"Przywo\u0142aj magi\u0119 sprzed lat!","publisher":{"@id":"https:\/\/accio.pl\/hp9\/#organization"},"potentialAction":[{"@type":"SearchAction","target":{"@type":"EntryPoint","urlTemplate":"https:\/\/accio.pl\/hp9\/?s={search_term_string}"},"query-input":{"@type":"PropertyValueSpecification","valueRequired":true,"valueName":"search_term_string"}}],"inLanguage":"pl-PL"},{"@type":"Organization","@id":"https:\/\/accio.pl\/hp9\/#organization","name":"Accio.pl","url":"https:\/\/accio.pl\/hp9\/","logo":{"@type":"ImageObject","inLanguage":"pl-PL","@id":"https:\/\/accio.pl\/hp9\/#\/schema\/logo\/image\/","url":"https:\/\/accio.pl\/hp9\/wp-content\/uploads\/2026\/02\/logo_accio2026b.png","contentUrl":"https:\/\/accio.pl\/hp9\/wp-content\/uploads\/2026\/02\/logo_accio2026b.png","width":370,"height":150,"caption":"Accio.pl"},"image":{"@id":"https:\/\/accio.pl\/hp9\/#\/schema\/logo\/image\/"}}]}},"_links":{"self":[{"href":"https:\/\/accio.pl\/hp9\/wp-json\/wp\/v2\/pages\/1658","targetHints":{"allow":["GET"]}}],"collection":[{"href":"https:\/\/accio.pl\/hp9\/wp-json\/wp\/v2\/pages"}],"about":[{"href":"https:\/\/accio.pl\/hp9\/wp-json\/wp\/v2\/types\/page"}],"author":[{"embeddable":true,"href":"https:\/\/accio.pl\/hp9\/wp-json\/wp\/v2\/users\/1"}],"replies":[{"embeddable":true,"href":"https:\/\/accio.pl\/hp9\/wp-json\/wp\/v2\/comments?post=1658"}],"version-history":[{"count":0,"href":"https:\/\/accio.pl\/hp9\/wp-json\/wp\/v2\/pages\/1658\/revisions"}],"wp:attachment":[{"href":"https:\/\/accio.pl\/hp9\/wp-json\/wp\/v2\/media?parent=1658"}],"curies":[{"name":"wp","href":"https:\/\/api.w.org\/{rel}","templated":true}]}}